s (-46)/f*26/(-13) composite?
False
Suppose 0*y = 4*y - 20. Suppose 3*j - 6 + 0 = 0, -y*t + 27 = -4*j. Suppose 6*a - t*a + 59 = 0. Is a a prime number?
True
Let z = 4796 - 4785. Let f(g) be the second derivative of g**5/10 - 4*g**4/3 + g**3/2 - 10*g**2 - g. Is f(z) a composite number?
False
Suppose 5*z = 3*d - 5, 3*z = -3*d - 2*z - 5. Suppose 5*v - 4*f - 1115 = f, f = d. Is v composite?
False
Let l(g) = 279*g**2 + 5*g - 8. Let m(v) = -555*v**2 - 10*v + 17. Let o(k) = 7*l(k) + 3*m(k). Is o(2) prime?
False
Suppose 71 + 41 = -2*m. Let s = -53 - m. Is (21/(-7))/(s/(-202)) a composite number?
True
Let v be 2*(-1 - 2) + 10462. Let d = v - 7017. Is d prime?
False
Is 884285/10 - 23/(-46) a prime number?
False
Let v(i) = 8283*i**2 - 193*i + 2753. Is v(16) composite?
False
Let t(f) = -1 + 18*f**2 - 13*f**2 + 2*f + 25*f**2. Let v be 110/(-5 + -5) - -9. Is t(v) a composite number?
True
Suppose 2*g = -3*j - 830, 0*g = -5*j + 4*g - 1376. Let d = -868 + 1862. Let p = j + d. Is p a prime number?
False
Let k(z) = -4*z - 32. Let n be k(-11). Let q(u) = -u**3 + 18*u**2 - 11*u + 35. Is q(n) a composite number?
True
Suppose 4*i = 4*n - 20 - 4, -4*i - 3*n = 3. Let y(c) = -36*c + 6. Let m be y(i). Suppose 2*r - m = 4*z, 4*r + 3*z - 129 = 77. Is r a prime number?
True
Suppose -27*i + 31*i - x - 635798 = 0, 3*i + 3*x = 476871. Is i composite?
True
Let k(n) = -6*n**3 + 33*n**2 + 50*n + 351. Is k(-22) a prime number?
True
Let c be (-4 + 0 + -44789)*-1. Suppose 11*q = c + 47288. Is q a composite number?
True
Suppose -2*n = 3*n - 21110. Let c = -2026 + n. Let o = c - 1565. Is o composite?
False
Let r = -123 + 74. Let b = 48 + r. Is b*(-1 - -2)*-1*977 prime?
True
Let t(z) = 123*z**3 - 4*z**2 - 3*z + 2. Suppose -b = -3*b - 4. Let x be t(b). Let q = x + 1890. Is q a prime number?
False
Suppose 35*o = 40*o - 140. Suppose w = -5, o*t - 3*w - 9700 = 23*t. Is t a composite number?
True
Let m = 6802 + -3601. Let b = 2230 + m. Is b a composite number?
False
Suppose -2*z - 12 = -4*x + z, 5*x = -z + 15. Let m be (x/6)/((-2)/(-396)). Suppose 0 = -4*r + 1457 + m. Is r prime?
True
Suppose 0 = 292*k - 280*k - 533868. Is k a composite number?
True
Suppose 5*r + i - 212 = 0, -5*r - i - 3*i = -203. Let f = -41 + r. Suppose -21 = -5*g - f*g. Is g prime?
True
Suppose -x + 2416 = 3*h, -6*x = -7*x - 5. Let a = h + -556. Is a a prime number?
True
Suppose 120*j = -j + 14289737. Is j a composite number?
True
Suppose -1271*h + 1253*h + 1487610 = 0. Is h a composite number?
True
Suppose 3*i - 7 = m, 19 + 0 = 3*i + 5*m. Suppose -2*a = y - 3314, 0 = -i*a + 3*y + 555 + 4416. Is a a composite number?
False
Let n(b) = -12 + 5 - 17 - 7 - 12 + 3614*b. Is n(9) composite?
True
Let f(b) = -b**3 - 7*b**2 + 19*b + 5. Let h be f(-9). Let z(t) = -352*t + 4. Let s be z(h). Is s/(-2)*3/(-6) a prime number?
True
Let y be (-33519)/12 + 3/(-4). Let k = 1261 + y. Is (2 + k)*(-7 - -6) a prime number?
True
Suppose 30696 = -x + w, x - 2*w + 4855 = -25842. Let n = x + 44742. Is n prime?
False
Let l(o) = 10*o + 14*o**2 + 11*o**2 + 17*o**2 - 41*o**2 - 7. Suppose -120 = 7*t - 12*t. Is l(t) a composite number?
False
Suppose 3671467 = 22*b - 1791331. Is b composite?
False
Suppose 15*c = 8*c + 5017117. Is c composite?
False
Suppose -52*f - 6*f + 1234298 = 0. Is f a composite number?
True
Let o be -3936 - 33 - 1*3*1. Let f = o + 8134. Is f composite?
True
Suppose 4*d + 162406 = -147614. Is ((-1)/5)/(232518/d - -3) composite?
False
Let l(h) = -990*h - 391. Is l(-5) a composite number?
True
Is 74/37*(-57241)/(-2) prime?
True
Let b be -21*((-1)/(-5) - (-176)/(-5)). Let s be ((-26)/(-1))/((-14)/b*1). Let j = s + 2272. Is j composite?
False
Let d = -29407 - -48078. Is d prime?
True
Let u be -3 - (81/54 + 9/(-2)). Suppose u = 16*d - 224123 + 11467. Is d a prime number?
True
Suppose -948*n + 98076 = -936*n. Is n a prime number?
False
Suppose -71*d + 5*f - 260286 = -72*d, 4*d - 9*f - 1040999 = 0. Is d composite?
True
Let x be 15/(-1 + 7 + -3). Suppose 0 = k - 4, 5*a - 4*a = -k + x. Let u(m) = 1839*m**2 - m + 1. Is u(a) a prime number?
False
Let f be (15 - 13 - (-554)/(-6))*3. Let h = 415 + f. Suppose 0 = 3*k - 5*n - 1482, 2*n + h = k - 349. Is k composite?
False
Let q(z) = z**2 - z. Let j(t) = 1. Let p(x) = -j(x) - q(x). Let b be p(0). Let g(m) = -128*m + 3. Is g(b) a composite number?
False
Let d(n) = 6*n**2 + 38*n - 331. Is d(28) a prime number?
True
Suppose 29800 = -5*d + 3*r - r, 3*d + 17896 = -2*r. Let j = d + 10157. Is j prime?
False
Let a(j) be the first derivative of -j**3/3 - 3*j**2 + 10239*j - 24. Let b be a(0). Suppose 19*m + b = 22*m. Is m a composite number?
False
Suppose -892 - 3560 = -28*h. Suppose -28554 = 153*n - h*n. Is n a prime number?
True
Let t = 12 - 12. Let q be (-2 - t) + (-9 - -13). Is q*(-4635)/(-6) - (2 + 0) a prime number?
True
Suppose 9*q + 102 - 1695 = 0. Suppose -182*j = -q*j - 1105. Is j a prime number?
False
Let s(d) = 2*d**3 - 12*d**2 - 8*d + 17. Suppose -4*r - 1 = -i - 2*r, 5*r = 3*i - 4. Suppose 26 = i*a - 1. Is s(a) a prime number?
True
Let m = 2242 - 4647. Let k = 5742 - m. Is k a prime number?
True
Suppose 12*v = 5*v + 47845. Let f = -750 + v. Is f a composite number?
True
Let d(r) = 407*r**2 + 19*r - 155. Suppose -95*m + 97*m - 14 = 0. Is d(m) prime?
False
Let b = -77745 - -187373. Suppose -22*m + b = 13422. Is m prime?
True
Let q(h) = 2*h**2 - 5*h + 86. Let t be q(-16). Is (4/(8/t))/(9/33) prime?
False
Let z = 5568 + -2602. Suppose 3*q = o - 2227, 3*q = 7*q + 2*o + z. Is (-1 + 0)*(q - 1) a prime number?
True
Let r = 29 - 38. Is (1262/12 + (-3)/r)*4 a prime number?
False
Let z(h) = 27553*h**2 + 61*h + 1. Is z(-1) a composite number?
True
Let d be 3 + -1 + (-4986)/(-3). Let t = d - -1939. Is t prime?
False
Let f be (-32)/18 + ((-32)/(-36))/(-4). Let t be 21/2*(84/9 - f). Suppose 8*x - t = 225. Is x a prime number?
True
Suppose 22*u = 8*u - 3*u + 6522067. Is u a composite number?
False
Let d(l) be the second derivative of 2*l**5/5 + l**4/4 + 13*l**3/6 - 13*l**2/2 + 3*l. Let a = -26 + 32. Is d(a) a composite number?
False
Suppose 0 = 7*o + 9 - 37. Let n(a) = 370*a**2 - 4*a - 31. Is n(o) a composite number?
True
Suppose 3*t + 346064 = 5*l, 15*l - 18*l = 4*t - 207679. Is l a prime number?
False
Let w be (-17 - (2 - (7 - 3))) + 0. Let m = w + 19. Suppose -7*y + 4*d = -2*y - 3251, m = -d. Is y prime?
True
Suppose -i - 4*f = 17, 4*f = -i - 3*i - 56. Let c(y) = -1193*y + 42. Is c(i) a composite number?
False
Suppose -171*h - 240995 = -176*h. Is h composite?
True
Suppose 5*x - j + 1 = 0, -3*j = -3*x - 4 + 1. Suppose x*h + 2*o = 5*h - 59325, h - 11888 = 5*o. Is h prime?
True
Suppose -f = -32*z + 31*z + 259862, -z = -4*f - 259871. Is z composite?
True
Let f be (-2)/3 + 8/12. Suppose 4*m + h = 1016, -h + 2*h - 4 = f. Is m a composite number?
True
Suppose 29*t - 221*t + 4492 = -18945716. Is t a composite number?
True
Suppose 0 = 6*i - 82 - 44. Let v = 185 - i. Let l = v - 87. Is l prime?
False
Let q(h) = h**3 + 5*h**2 + h - 9. Let o be q(-4). Suppose 0 = 3*z + 5*a - 19, -5*z + o + 20 = 4*a. Suppose -2*d + w + 122 = -z*w, 2*d - 150 = -3*w. Is d prime?
False
Let i(m) = m**2 - 5*m - 4. Let j be i(5). Let p(w) = -4*w**3 - w**2 - 2*w + 12. Let k be p(j). Suppose -162 = -2*u + k. Is u a composite number?
False
Is -14 + 13 + (-291294)/(-24)*(52 - 4) prime?
True
Is 3/(-75)*-5 - (3 + (-119937)/15) a composite number?
False
Let w be ((-6)/(-8))/(-3) - 12/(-48). Suppose -l + 799 = -0*l + 4*r, w = -3*l - 4*r + 2365. Let i = l + -446. Is i prime?
True
Suppose 0 = 5*p + 5, n - 9 = -n - p. Let f(b) be the third derivative of b**6/30 - b**5/5 + b**4/24 - 4*b**2 - 74. Is f(n) a prime number?
False
Suppose -5*z = 2*y - 516897, -3*z + 179*y - 176*y + 310155 = 0. Is z a composite number?
True
Suppose 2*g - 3*w - 201674 = -16410, 4*g - 3*w = 370510. Is g composite?
False
Suppose -3*w + 6*g = -2605533, -2605623 = 576*w - 579*w - 4*g. Is w a composite number?
False
Suppose 3*f = 4*z - 550, -5*f - 6*z + 3*z = 965. Is (-332842)/f - (-12)/10 composite?
False
Let f(k) = 95*k**2 + 16*k - 18. Suppose 22 = 4*i + 2*b + 2, i - 5 = b. Is f(i) a composite number?
False
Suppose 20*a = 25*a - q - 2263049, -452599 = -a + 2*q. Is a prime?
True
Let t = -8 - -24. Suppose -2 = 2*y - 4*i - 0, t = 4*y + 2*i. Suppose 0 = -y*b + j + 3835, b + j - 13